actor of 3074212117?
False
Is 631 a factor of 247611065?
False
Is 131808947 a multiple of 16?
False
Is 18854279 a multiple of 1074?
False
Is 5246520 a multiple of 3?
True
Does 5 divide 547819247?
False
Does 154 divide 567492310?
True
Is 7 a factor of 289200709?
True
Does 68 divide 12590764?
False
Is 556391334 a multiple of 607?
False
Is 131967060 a multiple of 1878?
True
Does 11 divide 200860726?
True
Is 729 a factor of 16029252?
True
Is 349013945 a multiple of 623?
True
Does 17 divide 4343058?
True
Is 17 a factor of 11858418?
True
Is 148805646 a multiple of 359?
False
Is 590741446 a multiple of 97?
True
Does 145 divide 63215070?
True
Is 53072563 a multiple of 2230?
False
Is 177278700 a multiple of 18?
False
Is 20173952 a multiple of 131?
False
Is 5 a factor of 3995215?
True
Is 3 a factor of 162579948?
True
Is 292269980 a multiple of 1597?
False
Is 63487545 a multiple of 39?
False
Is 842 a factor of 12147367?
False
Does 38 divide 108677073?
False
Does 110 divide 49917780?
True
Is 797711140 a multiple of 51?
False
Is 502222270 a multiple of 28?
False
Does 25 divide 48497050?
True
Is 1416498 a multiple of 921?
True
Is 42226443 a multiple of 63?
True
Does 13 divide 114573767?
False
Is 479183443 a multiple of 29?
True
Is 485618090 a multiple of 873?
False
Is 55 a factor of 46582250?
True
Does 21 divide 1842652738?
False
Is 447656755 a multiple of 17?
False
Is 114491950 a multiple of 864?
False
Is 82490649 a multiple of 458?
False
Is 546979015 a multiple of 17?
False
Does 40 divide 4183129277?
False
Is 57991378 a multiple of 9?
False
Is 594640119 a multiple of 1372?
False
Is 139 a factor of 9686015?
False
Is 3674080 a multiple of 40?
True
Is 7 a factor of 4925970?
True
Is 21 a factor of 45905233?
False
Is 40424387 a multiple of 227?
True
Is 64 a factor of 1863261969?
False
Does 8 divide 18162096?
True
Is 11828257 a multiple of 91?
False
Is 10 a factor of 1054545?
False
Is 577635580 a multiple of 10?
True
Does 239 divide 118026565?
True
Is 175670532 a multiple of 2133?
False
Is 12112828 a multiple of 622?
True
Is 7181267 a multiple of 16?
False
Is 1264 a factor of 121964624?
True
Is 7284 a factor of 1266578340?
True
Is 213641286 a multiple of 4?
False
Is 135 a factor of 100871384?
False
Is 160329610 a multiple of 943?
False
Is 63 a factor of 2258825652?
False
Is 189 a factor of 1679372541?
True
Does 96 divide 690004992?
True
Is 75 a factor of 258312450?
True
Is 4512566 a multiple of 15?
False
Is 5169 a factor of 232377564?
True
Does 12 divide 511645104?
True
Does 17 divide 1757776987?
False
Is 5 a factor of 67115440?
True
Is 122 a factor of 56724754?
True
Does 1421 divide 374877425?
False
Is 12 a factor of 125122020?
True
Is 128421447 a multiple of 157?
True
Is 3369822 a multiple of 16?
False
Is 664 a factor of 297532132?
False
Does 2 divide 412995476?
True
Does 56 divide 389732143?
False
Is 137737847 a multiple of 1823?
False
Is 74010665 a multiple of 677?
False
Does 891 divide 12372917?
False
Is 5 a factor of 101214339?
False
Does 191 divide 60648492?
False
Is 16 a factor of 266535056?
True
Is 10669824 a multiple of 88?
True
Does 8 divide 464880296?
True
Does 71 divide 46788914?
False
Is 9030 a factor of 761951400?
True
Is 52211428 a multiple of 586?
True
Is 860 a factor of 5155449?
False
Is 25 a factor of 311419673?
False
Is 49784786 a multiple of 32?
False
Is 326020625 a multiple of 7?
True
Is 71 a factor of 387114451?
False
Is 1546 a factor of 32774519?
False
Is 3 a factor of 15628353?
True
Does 16 divide 72582432?
True
Is 1996 a factor of 11850252?
True
Is 568 a factor of 4221944?
True
Does 289 divide 17844428?
False
Does 52 divide 1490256660?
False
Does 64 divide 1646465216?
True
Is 144 a factor of 179992800?
True
Does 27 divide 123814845?
True
Does 39 divide 62620467?
True
Does 1705 divide 15758216?
False
Does 8 divide 674891608?
True
Is 1229489648 a multiple of 122?
True
Is 114448191 a multiple of 13?
True
Is 4207297224 a multiple of 68?
True
Is 9 a factor of 144072286?
False
Does 374 divide 28374258?
True
Is 21535638 a multiple of 15?
False
Is 22196123 a multiple of 735?
False
Is 20 a factor of 324999236?
False
Is 308 a factor of 14059892?
True
Is 415 a factor of 28503030?
True
Does 159 divide 126202911?
True
Does 3077 divide 4190102152?
False
Is 50353412 a multiple of 41?
True
Is 270 a factor of 3728958390?
True
Does 52 divide 2793440?
True
Is 26 a factor of 59146997?
False
Does 674 divide 27557838?
True
Is 22 a factor of 9412402?
False
Does 17 divide 8260397?
False
Is 14 a factor of 828070467?
False
Is 55286351 a multiple of 71?
True
Does 66 divide 1338187?
False
Does 76 divide 63034910?
False
Is 5 a factor of 1740552835?
True
Is 55752757 a multiple of 142?
False
Is 11488480 a multiple of 160?
True
Does 15 divide 844798?
False
Is 78819567 a multiple of 19?
False
Does 644 divide 323474116?
True
Does 4560 divide 1252020525?
False
Is 204128003 a multiple of 10?
False
Is 412 a factor of 59874157?
False
Is 10 a factor of 75572760?
True
Does 12 divide 1853730532?
False
Does 31 divide 990472979?
False
Is 1801697692 a multiple of 175?
False
Does 151 divide 384587940?
True
Is 239 a factor of 190644669?
False
Does 46 divide 118737546?
True
Is 732 a factor of 43567908?
True
Is 8511480 a multiple of 405?
True
Is 31 a factor of 12858397?
True
Is 27 a factor of 344649470?
False
Is 375869740 a multiple of 1780?
False
Does 8866 divide 5247581482?
True
Is 47654833 a multiple of 3407?
False
Is 15 a factor of 677535545?
False
Is 26748037 a multiple of 18?
False
Is 161 a factor of 197550703?
True
Does 464 divide 86644543?
False
Is 26 a factor of 1730762046?
True
Is 149304592 a multiple of 9?
False
Does 316 divide 423341724?
True
Is 27 a factor of 11193444?
True
Is 63 a factor of 65122212?
False
Is 16 a factor of 78459040?
True
Is 64188992 a multiple of 1064?
True
Does 10047 divide 1959123058?
False
Is 2513591808 a multiple of 1664?
True
Is 845 a factor of 60518055?
True
Does 1074 divide 505535564?
False
Is 110 a factor of 599832640?
True
Does 562 divide 632904730?
True
Is 428 a factor of 19710886?
False
Is 932870824 a multiple of 1963?
False
Does 153 divide 69857360?
False
Is 314 a factor of 526051422?
True
Is 39 a factor of 17149080?
True
Is 22 a factor of 303223316?
True
Is 2383 a factor of 103219645?
True
Is 7775775 a multiple of 35?
True
Does 260 divide 222262966?
False
Is 1211421060 a multiple of 5671?
False
Does 196 divide 2878456?
True
Is 50 a factor of 65124550?
True
Does 1055 divide 33169200?
True
Does 18 divide 1376697762?
True
Does 52 divide 41471514?
False
Is 24060209 a multiple of 1148?
False
Does 1927 divide 197509792?
True
Is 58 a factor of 68023118?
False
Is 2785 a factor of 134832940?
False
Is 158369170 a multiple of 12?
False
Is 139736506 a multiple of 9?
False
Does 2591 divide 107381404?
True
Does 17 divide 91996167?
False
Does 602 divide 11704686?
True
Is 380 a factor of 305663104?
False
Is 24 a factor of 60045278?
False
Is 59160627 a multiple of 9?
True
Is 18240929 a multiple of 873?
False
Does 46 divide 467657665?
False
Is 263 a factor of 7143392?
False
Is 169403140 a multiple of 1916?
True
Is 58 a factor of 3510566?
True
Is 21 a factor of 79466686?
False
Is 1926 a factor of 2245933377?
False
Is 1034916282 a multiple of 171?
True
Is 1076 a factor of 193400240?
True
Does 663 divide 438462681?
False
Is 37 a factor of 491039953?
False
Does 21 divide 1270262637?
True
Is 958386717 a multiple of 114?
False
Is 5438 a factor of 406824610?
False
Does 824 divide 739441936?
False
Does 22 divide 250975120?
True
Is 985418570 a multiple of 6789?
False
Does 1144 divide 536907800?
True
Does 39 divide 497903692?
False
Is 166 a factor of 330808452?
True
Is 18673202 a multiple of 169?
False
Is 5187071 a multiple of 42?
False
Is 1020 a factor of 164500500?
True
Does 3489 divide 1295041263?
False
Does 126 divide 210234639?
False
Is 521837520 a multiple of 1137?
True
Is 27034200 a multiple of 180?
True
Is 1692 a factor of 424439930?
False
Does 1333 divide 33666248?
True
Is 1354891155 a multiple of 1205?
True
Is 51078110 a multiple of 483?
False
Is 132869634 a multiple of 4391?
False
Is 1029 a factor of 221328175?
False
Is 847658125 a multiple of 125?
True
Is 133393090 a multiple of 82?
True
Is 105263660 a multiple of 4?
True
Does 176 divide 40265808?
T